{"id":6,"date":"2021-10-30T23:56:49","date_gmt":"2021-10-30T21:56:49","guid":{"rendered":"http:\/\/www.avensys-software.com\/?page_id=6"},"modified":"2022-02-03T15:34:30","modified_gmt":"2022-02-03T14:34:30","slug":"avensys-software-adobe-autodesk-logiciel","status":"publish","type":"page","link":"https:\/\/www.avensys-software.com\/index.php\/avensys-software-adobe-autodesk-logiciel\/","title":{"rendered":"A Propos"},"content":{"rendered":"\n<p>Cr\u00e9\u00e9e en 1998, AVENSYS est une soci\u00e9t\u00e9 Tunisienne oeuvrant pour un grand nombre de projets majeurs<\/p>\n\n\n\n<p>pilot\u00e9s par des donneurs d&#8217;ordres de tout premier plan, AVENSYS regroupe une p\u00e9pini\u00e8re de comp\u00e9tences<\/p>\n\n\n\n<p>dans l&#8217;\u00e9tude, la planification et la r\u00e9alisation de projets. Sp\u00e9cialis\u00e9e dans l\u2019int\u00e9gration de solutions<\/p>\n\n\n\n<p>informatiques et de s\u00e9curit\u00e9s. Notre d\u00e9partement software et consulting sp\u00e9cialis\u00e9 dans l&#8217;\u00e9tude, la<\/p>\n\n\n\n<p>sp\u00e9cification et la proposition de la solution ainsi la force d\u2019AVENSYS est de proposer des solutions cl\u00e9-en<\/p>\n\n\n\n<p>main, standards ou sur mesure.<\/p>\n\n\n\n<p>&#8211; Qualit\u00e9, professionnalisme, \u00e9coute du client, choisir AVENSYS. c&#8217;est choisir l&#8217;exp\u00e9rience, le savoirfaire<\/p>\n\n\n\n<p>et la comp\u00e9tence d&#8217;une \u00e9quipe rod\u00e9e \u00e0 la r\u00e9alisation de projets d&#8217;envergure. A vous clients,<\/p>\n\n\n\n<p>actuels, ou potentiels, nous sommes d\u00e9termin\u00e9s \u00e0 offrir le maximum de r\u00e9activit\u00e9 pour prendre en<\/p>\n\n\n\n<p>charge tout ou partie de vos besoins : \u00e9coute, analyse des demandes, conception, r\u00e9alisation,<\/p>\n\n\n\n<p>apr\u00e8s-vente.<\/p>\n\n\n\n<p>&#8211; Nos atouts ; un savoir-faire reconnu et un niveau de performance co\u00fbt\/qualit\u00e9 en phase avec vos<\/p>\n\n\n\n<p>exigences techniques et \u00e9conomiques. La fid\u00e9lit\u00e9 de nos clients est assur\u00e9ment notre premier<\/p>\n\n\n\n<p>indice de satisfaction ; nous y sommes tr\u00e8s attach\u00e9s. De nos partenariats privil\u00e9gi\u00e9s est n\u00e9e une<\/p>\n\n\n\n<p>gamme extr\u00eamement compl\u00e8te de solutions logicielles.<\/p>\n\n\n\n<p>&#8211; Gr\u00e2ce \u00e0 l&#8217;efficacit\u00e9 de l&#8217;organisation actuelle, nous sommes pr\u00eats \u00e0 relever le d\u00e9fi de fournir la<\/p>\n\n\n\n<p>solution logicielle qui convient \u00e0 votre organisation.<\/p>\n\n\n\n<p>Nous proposons une gamme compl\u00e8te de services \u00e0 la pointe de la technologie, pour la mise en oeuvre<\/p>\n\n\n\n<p>rapide et r\u00e9ussie de votre solution logicielle :<\/p>\n\n\n\n<p>&#8211; Etude et consulting<\/p>\n\n\n\n<p>&#8211; Sp\u00e9cification<\/p>\n\n\n\n<p>&#8211; Choix de la solution avec la proposition du logiciel et du mat\u00e9riel.<\/p>\n\n\n\n<p>&#8211; Mise en oeuvre<\/p>\n\n\n\n<p>&#8211; Formation du personnel<\/p>\n\n\n\n<p>&#8211; Support technique<\/p>\n\n\n\n<p>Nous sommes fournisseurs de solutions <a href=\"https:\/\/www.adobe.com\/fr\/\">Adobe<\/a> et <a href=\"https:\/\/www.autodesk.fr\">Autodesk<\/a> en Tunisie.<\/p>\n","protected":false},"excerpt":{"rendered":"<p>Cr\u00e9\u00e9e en 1998, AVENSYS est une soci\u00e9t\u00e9 Tunisienne oeuvrant pour un grand nombre de projets majeurs pilot\u00e9s par des donneurs d&#8217;ordres de tout premier plan, AVENSYS regroupe une p\u00e9pini\u00e8re de comp\u00e9tences dans l&#8217;\u00e9tude, la planification et la r\u00e9alisation de projets. Sp\u00e9cialis\u00e9e dans l\u2019int\u00e9gration de solutions informatiques et de s\u00e9curit\u00e9s. Notre d\u00e9partement software et consulting sp\u00e9cialis\u00e9 [&hellip;]<\/p>\n","protected":false},"author":1,"featured_media":0,"parent":0,"menu_order":0,"comment_status":"closed","ping_status":"closed","template":"","meta":{"footnotes":""},"class_list":["post-6","page","type-page","status-publish","hentry"],"yoast_head":"<!-- This site is optimized with the Yoast SEO plugin v27.4 - https:\/\/yoast.com\/product\/yoast-seo-wordpress\/ -->\n<title>A Propos - Adobe Autodesk software avensys<\/title>\n<meta name=\"description\" content=\"Avensys vente de logiciels Autodesk Adobe en Tunisie. Solution pour la CAO, le BIM pour l&#039;architecture pour les bureaux d&#039;\u00e9tudes\" \/>\n<meta name=\"robots\" content=\"index, follow, max-snippet:-1, max-image-preview:large, max-video-preview:-1\" \/>\n<link rel=\"canonical\" href=\"http:\/\/www.avensys-software.com\/index.php\/avensys-software-adobe-autodesk-logiciel\/\" \/>\n<meta property=\"og:locale\" content=\"en_US\" \/>\n<meta property=\"og:type\" content=\"article\" \/>\n<meta property=\"og:title\" content=\"A Propos - Adobe Autodesk software avensys\" \/>\n<meta property=\"og:description\" content=\"Avensys vente de logiciels Autodesk Adobe en Tunisie. Solution pour la CAO, le BIM pour l&#039;architecture pour les bureaux d&#039;\u00e9tudes\" \/>\n<meta property=\"og:url\" content=\"http:\/\/www.avensys-software.com\/index.php\/avensys-software-adobe-autodesk-logiciel\/\" \/>\n<meta property=\"article:modified_time\" content=\"2022-02-03T14:34:30+00:00\" \/>\n<meta name=\"twitter:card\" content=\"summary_large_image\" \/>\n<meta name=\"twitter:label1\" content=\"Est. reading time\" \/>\n\t<meta name=\"twitter:data1\" content=\"2 minutes\" \/>\n<script type=\"application\/ld+json\" class=\"yoast-schema-graph\">{\"@context\":\"https:\\\/\\\/schema.org\",\"@graph\":[{\"@type\":\"WebPage\",\"@id\":\"http:\\\/\\\/www.avensys-software.com\\\/index.php\\\/avensys-software-adobe-autodesk-logiciel\\\/\",\"url\":\"http:\\\/\\\/www.avensys-software.com\\\/index.php\\\/avensys-software-adobe-autodesk-logiciel\\\/\",\"name\":\"A Propos - Adobe Autodesk software avensys\",\"isPartOf\":{\"@id\":\"https:\\\/\\\/www.avensys-software.com\\\/#website\"},\"datePublished\":\"2021-10-30T21:56:49+00:00\",\"dateModified\":\"2022-02-03T14:34:30+00:00\",\"description\":\"Avensys vente de logiciels Autodesk Adobe en Tunisie. Solution pour la CAO, le BIM pour l'architecture pour les bureaux d'\u00e9tudes\",\"breadcrumb\":{\"@id\":\"http:\\\/\\\/www.avensys-software.com\\\/index.php\\\/avensys-software-adobe-autodesk-logiciel\\\/#breadcrumb\"},\"inLanguage\":\"en-US\",\"potentialAction\":[{\"@type\":\"ReadAction\",\"target\":[\"http:\\\/\\\/www.avensys-software.com\\\/index.php\\\/avensys-software-adobe-autodesk-logiciel\\\/\"]}]},{\"@type\":\"BreadcrumbList\",\"@id\":\"http:\\\/\\\/www.avensys-software.com\\\/index.php\\\/avensys-software-adobe-autodesk-logiciel\\\/#breadcrumb\",\"itemListElement\":[{\"@type\":\"ListItem\",\"position\":1,\"name\":\"Accueil\",\"item\":\"https:\\\/\\\/www.avensys-software.com\\\/\"},{\"@type\":\"ListItem\",\"position\":2,\"name\":\"A Propos\"}]},{\"@type\":\"WebSite\",\"@id\":\"https:\\\/\\\/www.avensys-software.com\\\/#website\",\"url\":\"https:\\\/\\\/www.avensys-software.com\\\/\",\"name\":\"\",\"description\":\"\",\"potentialAction\":[{\"@type\":\"SearchAction\",\"target\":{\"@type\":\"EntryPoint\",\"urlTemplate\":\"https:\\\/\\\/www.avensys-software.com\\\/?s={search_term_string}\"},\"query-input\":{\"@type\":\"PropertyValueSpecification\",\"valueRequired\":true,\"valueName\":\"search_term_string\"}}],\"inLanguage\":\"en-US\"}]}<\/script>\n<!-- \/ Yoast SEO plugin. -->","yoast_head_json":{"title":"A Propos - Adobe Autodesk software avensys","description":"Avensys vente de logiciels Autodesk Adobe en Tunisie. Solution pour la CAO, le BIM pour l'architecture pour les bureaux d'\u00e9tudes","robots":{"index":"index","follow":"follow","max-snippet":"max-snippet:-1","max-image-preview":"max-image-preview:large","max-video-preview":"max-video-preview:-1"},"canonical":"http:\/\/www.avensys-software.com\/index.php\/avensys-software-adobe-autodesk-logiciel\/","og_locale":"en_US","og_type":"article","og_title":"A Propos - Adobe Autodesk software avensys","og_description":"Avensys vente de logiciels Autodesk Adobe en Tunisie. Solution pour la CAO, le BIM pour l'architecture pour les bureaux d'\u00e9tudes","og_url":"http:\/\/www.avensys-software.com\/index.php\/avensys-software-adobe-autodesk-logiciel\/","article_modified_time":"2022-02-03T14:34:30+00:00","twitter_card":"summary_large_image","twitter_misc":{"Est. reading time":"2 minutes"},"schema":{"@context":"https:\/\/schema.org","@graph":[{"@type":"WebPage","@id":"http:\/\/www.avensys-software.com\/index.php\/avensys-software-adobe-autodesk-logiciel\/","url":"http:\/\/www.avensys-software.com\/index.php\/avensys-software-adobe-autodesk-logiciel\/","name":"A Propos - Adobe Autodesk software avensys","isPartOf":{"@id":"https:\/\/www.avensys-software.com\/#website"},"datePublished":"2021-10-30T21:56:49+00:00","dateModified":"2022-02-03T14:34:30+00:00","description":"Avensys vente de logiciels Autodesk Adobe en Tunisie. Solution pour la CAO, le BIM pour l'architecture pour les bureaux d'\u00e9tudes","breadcrumb":{"@id":"http:\/\/www.avensys-software.com\/index.php\/avensys-software-adobe-autodesk-logiciel\/#breadcrumb"},"inLanguage":"en-US","potentialAction":[{"@type":"ReadAction","target":["http:\/\/www.avensys-software.com\/index.php\/avensys-software-adobe-autodesk-logiciel\/"]}]},{"@type":"BreadcrumbList","@id":"http:\/\/www.avensys-software.com\/index.php\/avensys-software-adobe-autodesk-logiciel\/#breadcrumb","itemListElement":[{"@type":"ListItem","position":1,"name":"Accueil","item":"https:\/\/www.avensys-software.com\/"},{"@type":"ListItem","position":2,"name":"A Propos"}]},{"@type":"WebSite","@id":"https:\/\/www.avensys-software.com\/#website","url":"https:\/\/www.avensys-software.com\/","name":"","description":"","potentialAction":[{"@type":"SearchAction","target":{"@type":"EntryPoint","urlTemplate":"https:\/\/www.avensys-software.com\/?s={search_term_string}"},"query-input":{"@type":"PropertyValueSpecification","valueRequired":true,"valueName":"search_term_string"}}],"inLanguage":"en-US"}]}},"_links":{"self":[{"href":"https:\/\/www.avensys-software.com\/index.php\/wp-json\/wp\/v2\/pages\/6","targetHints":{"allow":["GET"]}}],"collection":[{"href":"https:\/\/www.avensys-software.com\/index.php\/wp-json\/wp\/v2\/pages"}],"about":[{"href":"https:\/\/www.avensys-software.com\/index.php\/wp-json\/wp\/v2\/types\/page"}],"author":[{"embeddable":true,"href":"https:\/\/www.avensys-software.com\/index.php\/wp-json\/wp\/v2\/users\/1"}],"replies":[{"embeddable":true,"href":"https:\/\/www.avensys-software.com\/index.php\/wp-json\/wp\/v2\/comments?post=6"}],"version-history":[{"count":4,"href":"https:\/\/www.avensys-software.com\/index.php\/wp-json\/wp\/v2\/pages\/6\/revisions"}],"predecessor-version":[{"id":58,"href":"https:\/\/www.avensys-software.com\/index.php\/wp-json\/wp\/v2\/pages\/6\/revisions\/58"}],"wp:attachment":[{"href":"https:\/\/www.avensys-software.com\/index.php\/wp-json\/wp\/v2\/media?parent=6"}],"curies":[{"name":"wp","href":"https:\/\/api.w.org\/{rel}","templated":true}]}}